v(z) = -2*z**2 - 126*z + 1472. What is the remainder when v(-72) is divided by 147?
29
Suppose -4*f + 46 + 160 = 6*j, 4*f + 2*j - 194 = 0. What is the remainder when 3462 is divided by f?
31
Let b(p) be the second derivative of -p**4/12 - 7*p**3/6 - 9*p + 2. What is the remainder when 17 is divided by b(-5)?
7
Let n(m) be the third derivative of -39*m**4/8 + 15*m**3/2 - 32*m**2. Let l be n(-5). Suppose l = -0*p + 6*p. What is the remainder when p is divided by 37?
31
Let c = 777 + -741. What is the remainder when 482 is divided by c?
14
Suppose -4*z + z = -15, c = -2*z + 8. Let s be c/(2 - 3) + -4 + 2. Suppose 0 = -2*p - 4*i - i + 34, -i + 4 = s. What is the remainder when p is divided by 4?
3
Let s = -189 - -5. Let v = -158 - s. What is the remainder when 285 is divided by v?
25
Let a = -3314 + 3358. What is the remainder when 650 is divided by a?
34
Suppose 5*b = 4*o + 38, 60*b + 5*o = 57*b - 29. What is the remainder when 15 is divided by b?
1
Let c(g) = 264*g - 2192. Calculate the remainder when 377 is divided by c(9).
9
Let o be 1350/20*12/(-15). Let g(x) = x - 2. Calculate the remainder when (0 + 4/6)/((-36)/o) is divided by g(3).
0
Suppose 15*y - 1922 = -422. What is the remainder when y is divided by 35?
30
Calculate the remainder when 11 is divided by -8 - (-21 - 112/(-16)).
5
Calculate the remainder when 73 is divided by -5 + -2 + 154/4 + 12/(-24).
11
Calculate the remainder when 797 is divided by 7 + (12 - 10 - -1).
7
Let q(g) = 8*g - 6. Let h be q(5). Suppose 0 = -3*l - w + 528, -2*w + 655 = 4*l - 45. Suppose l*x + h = 180*x. Calculate the remainder when 82 is divided by x.
14
Let i = 600 - 584. Suppose 4*b + 5*h = 109, -4*h = -2*b + i + 58. What is the remainder when 89 is divided by b?
27
Calculate the remainder when 164820/360 + 5/(-6) is divided by 170.
117
Let c(u) = u**3 + 2*u**2 + 34*u - 106. What is the remainder when 2615 is divided by c(5)?
225
Let q be (1 - 3/(-1))*(-252)/144. What is the remainder when 233 is divided by 4 + q + 91 + -9?
75
Suppose 2625 = 584*c - 563*c. Let r(a) = 2*a**2 - 4*a + 10. What is the remainder when c is divided by r(3)?
13
Suppose -4*b = 9*o - 7*o - 576, o = 0. Suppose 8*k = b + 200. Calculate the remainder when k is divided by 7.
1
Let n(y) = 349*y + 362. Let x = -60 + 223. What is the remainder when x is divided by n(-1)?
7
Let h(v) = -7*v**2 - 59*v. What is the remainder when 403 is divided by h(-8)?
19
Suppose 504 = 4*x - 0*x. Let v = -8881 + 8913. Calculate the remainder when x is divided by v.
30
Let n(u) = 2*u**2 + 24*u + 2. Let k be n(-12). Suppose 9 = b + 3*g, k*b - 4*g - 1 = -3. Let v = 20 + -13. Calculate the remainder when v is divided by b.
1
Let b(a) = a**3 + a**2 - 6*a + 6. Suppose 68*f = 73*f - 185. Let u = -21 + f. Calculate the remainder when b(4) is divided by u.
14
Let s(k) = 5*k**2 - 60*k + 915. Calculate the remainder when s(11) is divided by 28.
20
Suppose -44*k + 373*k + 23*k - 130592 = 0. What is the remainder when k is divided by 120?
11
Let t = -8970 - -9238. Calculate the remainder when 539 is divided by t.
3
Suppose -5*w - r + 3*r - 414 = 0, -w + 4*r = 90. Let l = w + 104. Calculate the remainder when 42 is divided by l.
20
Let o = -350 - -341. Calculate the remainder when (-4)/(-38) - 1513*o/57 is divided by 9.
5
Let w(o) = -34*o + 43. What is the remainder when w(-6) is divided by 3?
1
Suppose -102*x + 317151 = -231*x + 936*x. Let h = -67 - -100. What is the remainder when x is divided by h?
30
Let h(q) = -q**3 + 98*q**2 - 61*q - 2645. What is the remainder when h(97) is divided by 144?
127
Suppose 0 = 2*v + 380 - 364. Calculate the remainder when 63 is divided by (-36)/2*v/6.
15
Suppose -4*c + 0*r = 2*r + 72, 0 = -3*c - 5*r - 47. Let l = 356 + -410. Let j = c - l. What is the remainder when 67 is divided by j?
32
Let m(c) = 2*c**2 - 13*c - 10. Let v be m(8). Suppose -q = -v - 155. What is the remainder when q is divided by 9?
7
Let d(u) = -4*u + 343. What is the remainder when d(41) is divided by 7?
4
Suppose 0*d = 2*d - 50. Let r(n) = 82*n**2 - 13*n - 31. What is the remainder when r(-2) is divided by d?
23
Let a = 170 + -166. Suppose 0 = k + z - 49, -a*z = -k + z + 37. What is the remainder when k is divided by 5?
2
Calculate the remainder when (394/(-10))/(3/(-15)) is divided by (-24)/9*(-1254)/152.
21
Suppose -4*p = 3*r - 986, -2*p = 9*r - 14*r - 480. What is the remainder when p is divided by 74?
23
Calculate the remainder when 19 is divided by 14 + 18/(-27)*-21 + -9.
0
Let o(c) = -c**2 - 21*c - 12. Let t(x) = 2*x**2 - 7*x + 1. Calculate the remainder when t(-4) is divided by o(-19).
9
Suppose 22*m + 266 = 8*m. Let z = -11 - 10. Let t = m - z. What is the remainder when t is divided by 2?
0
Let x be 2/1*(281 - 1). Suppose 448 = 4*d + 2*g + 2*g, -3*g = -5*d + x. Calculate the remainder when 33 is divided by 35/(-21) - d/(-6).
16
Suppose -3*b = -2*o - 2*o - 176, -178 = -3*b + 5*o. Calculate the remainder when (15/2)/((-999)/(-3402) - 2/9) is divided by b.
49
Suppose 2*w + w = 585. Let d = 366132 - 366064. Calculate the remainder when w is divided by d.
59
Suppose -3*a = -5*r - 1958, -4*r - 6 = -7*r. Suppose -15*x + 2156 - a = 0. Calculate the remainder when x is divided by 26.
22
Let b be (-2)/(-17) - (-6604)/221. What is the remainder when (-4)/b - (-1 + (-9102)/90) is divided by 27?
21
Suppose 4*g + 210 = 4*n + 22, 0 = -g + 4*n - 44. Let q = g - -58. Suppose q*j = 8*j + 34. What is the remainder when 50 is divided by j?
16
Let d = -38488 + 38988. What is the remainder when d is divided by 26?
6
Suppose -2*b + 14*j + 3520 = 13*j, -6 = -3*j. What is the remainder when b is divided by 9?
6
Let u = 170 + -171. Let h(k) = -91*k + 5. Calculate the remainder when h(u) is divided by 25.
21
Let d(t) = -479*t + 2060. Calculate the remainder when d(4) is divided by -8*-7*6/8.
18
Suppose 17896*n + 2435 = 17904*n - 10685. What is the remainder when n is divided by 89?
38
Suppose -m - 3*m + 349 = -3*k, 4*m + 4*k - 356 = 0. What is the remainder when m is divided by 10?
8
Let p(r) be the third derivative of r**5/15 + 17*r**4/8 + 73*r**3/6 + r**2 - 18*r. What is the remainder when p(-13) is divided by 24?
14
Let n(j) = 17*j - 12. Let u be n(1). Suppose 0 = -q + 4*w + 86 - u, 3*w = -q + 46. Calculate the remainder when q is divided by 16.
13
Let x(d) = 4*d**3 + 147*d**2 - 619*d - 3. Let a(l) = l**2 - l + 22. What is the remainder when x(4) is divided by a(0)?
19
Let h(o) = -o**3 + 20*o**2 - 20*o + 5. Let a be h(19). Let g be (-17 - -20) + (a - (0 - 1)). Calculate the remainder when 1186/10 + 5*g/(-125) is divided by 24.
23
Let h = 42 + -40. Suppose 0 = b - g - h, -b - g + 7 = 1. Suppose 0*u = -b*u + 60. What is the remainder when 27 is divided by u?
12
Suppose 2*f + 4*d - 5096 = 0, -8*d = -11*d + 6. Calculate the remainder when f is divided by 7.
3
Let t = 137 - 134. Suppose t*a - w - 65 = 0, -3*a + 70 - 9 = -5*w. Calculate the remainder when 82 + 1/(-1) + 2 is divided by a.
17
Suppose 0 = -3*q - 5*f + 58, -4*q - 352*f + 54 = -350*f. Calculate the remainder when ((-768)/15)/(-2) + 4/10 is divided by q.
4
Suppose 7 - 27 = -2*l. Suppose -48*t - 54*t + 1980 = 8*t. What is the remainder when t is divided by l?
8
What is the remainder when 2012*(81/36 - (5 - 3)) is divided by 156?
35
What is the remainder when 1761 is divided by (-26 + -2)/(30/135*-1)?
123
Let l = 153 - 189. Let j be (-76)/3*(-6)/4. Let g = l + j. What is the remainder when 8 is divided by g?
0
Let p = -18233 - -18310. What is the remainder when 1360 is divided by p?
51
Suppose -2864 = -31*q + 23*q. Let a = -337 + q. Suppose -g = 4*g + 4*d - 40, 0 = 5*g - 4*d - 40. What is the remainder when a is divided by g?
5
Suppose -82*s - 82*s = -2624. Calculate the remainder when (-2)/10 + 86/5 is divided by s.
1
Calculate the remainder when 3059 is divided by 882/11 - 18/99 - (71 - 76).
84
Let m be (24/(-5))/(111/(-1850)). Suppose -2*o = 3*o, 3*n + 2*o - 309 = 0. Let s = n - m. Calculate the remainder when 159 is divided by s.
21
What is the remainder when 4095 is divided by 1210/(-968) - 783/(-12)?
63
Suppose 0 = -2*y - 5*x - 100 + 80, -3*y - 5*x = 20. Suppose y = 59*h - 65*h + 444. What is the remainder when 226 is divided by h?
4
Suppose 2*x = d + 5, -341*x + 13 = -d - 337*x. Calculate the remainder when 48 is di